
What is the millions digit of 3684632960?
4
What is the units digit of 52762238?
8
What is the millions digit of 2387231425?
7
What is the tens digit of 170930794?
9
What is the tens digit of 154432490?
9
What is the billions digit of 1033105406?
1
What is the hundreds digit of 147496692?
6
What is the units digit of 137892774?
4
What is the ten millions digit of 189009932?
8
What is the hundred thousands digit of 1051031188?
0
What is the units digit of 113434163?
3
What is the hundred millions digit of 4600200441?
6
What is the units digit of 344912689?
9
What is the tens digit of 82168749?
4
What is the thousands digit of 61740781?
0
What is the ten millions digit of 3386411193?
8
What is the ten thousands digit of 476865717?
6
What is the units digit of 915403093?
3
What is the ten millions digit of 1409299118?
0
What is the tens digit of 1385247564?
6
What is the hundreds digit of 210459685?
6
What is the thousands digit of 27412370?
2
What is the hundreds digit of 192000690?
6
What is the ten thousands digit of 160029164?
2
What is the tens digit of 95094032?
3
What is the units digit of 1266517?
7
What is the ten thousands digit of 234453475?
5
What is the hundred millions digit of 1173001017?
1
What is the tens digit of 1074207226?
2
What is the tens digit of 297617473?
7
What is the ten thousands digit of 2914556390?
5
What is the tens digit of 97224054?
5
What is the tens digit of 35642173?
7
What is the ten thousands digit of 365773509?
7
What is the ten millions digit of 3016373268?
1
What is the hundreds digit of 1751016054?
0
What is the billions digit of 2073065537?
2
What is the hundred thousands digit of 984178646?
1
What is the hundreds digit of 168088025?
0
What is the tens digit of 13412021?
2
What is the hundred millions digit of 215024685?
2
What is the hundreds digit of 459107139?
1
What is the tens digit of 3325248691?
9
What is the units digit of 119062633?
3
What is the millions digit of 4821682657?
1
What is the millions digit of 216873184?
6
What is the hundreds digit of 797745199?
1
What is the millions digit of 154894262?
4
What is the units digit of 6252163?
3
What is the units digit of 872026274?
4
What is the hundreds digit of 20788431?
4
What is the tens digit of 144557112?
1
What is the units digit of 5921739918?
8
What is the units digit of 9270388?
8
What is the tens digit of 7900995351?
5
What is the hundreds digit of 18672843?
8
What is the hundred thousands digit of 296362344?
3
What is the units digit of 260961904?
4
What is the ten thousands digit of 19159950?
5
What is the tens digit of 636774183?
8
What is the ten millions digit of 9142548837?
4
What is the hundreds digit of 439044351?
3
What is the billions digit of 2850755921?
2
What is the millions digit of 5433192510?
3
What is the hundred millions digit of 353659011?
3
What is the ten thousands digit of 60473358?
7
What is the tens digit of 157856307?
0
What is the millions digit of 2866923233?
6
What is the hundred thousands digit of 756479617?
4
What is the ten millions digit of 51016437?
5
What is the millions digit of 30860125?
0
What is the hundreds digit of 2289759837?
8
What is the thousands digit of 410827715?
7
What is the ten millions digit of 14057903?
1
What is the billions digit of 3209326114?
3
What is the millions digit of 1123600502?
3
What is the hundreds digit of 1165683799?
7
What is the tens digit of 70040509?
0
What is the ten thousands digit of 10864114?
6
What is the ten millions digit of 1402692604?
0
What is the thousands digit of 1086652119?
2
What is the hundred millions digit of 346903888?
3
What is the hundred millions digit of 776046190?
7
What is the tens digit of 18492269?
6
What is the tens digit of 558460155?
5
What is the tens digit of 58755451?
5
What is the units digit of 8733989?
9
What is the hundreds digit of 86173917?
9
What is the hundred thousands digit of 79976745?
9
What is the tens digit of 176976174?
7
What is the ten millions digit of 359087811?
5
What is the hundred millions digit of 132738965?
1
What is the tens digit of 4781208626?
2
What is the units digit of 262573438?
8
What is the millions digit of 736727520?
6
What is the tens digit of 188153846?
4
What is the thousands digit of 88765019?
5
What is the hundreds digit of 1301222575?
5
What is the thousands digit of 1236186024?
6
What is the hundred thousands digit of 1625106238?
1
What is the ten thousands digit of 587182881?
8
What is the ten thousands digit of 5013809656?
0
What is the units digit of 327736250?
0
What is the units digit of 1453834319?
9
What is the millions digit of 63141311?
3
What is the ten millions digit of 36365447?
3
What is the tens digit of 4729714147?
4
What is the hundred thousands digit of 242521694?
5
What is the tens digit of 7958904?
0
What is the tens digit of 491012990?
9
What is the units digit of 4153518129?
9
What is the tens digit of 3492869669?
6
What is the hundred thousands digit of 117858933?
8
What is the millions digit of 287967613?
7
What is the hundred millions digit of 736963598?
7
What is the tens digit of 51533083?
8
What is the millions digit of 2154900175?
4
What is the hundred millions digit of 1368660218?
3
What is the tens digit of 192170220?
2
What is the millions digit of 797094799?
7
What is the hundred millions digit of 146279825?
1
What is the hundred thousands digit of 1307870032?
8
What is the thousands digit of 83214300?
4
What is the ten millions digit of 603064479?
0
What is the units digit of 20231038?
8
What is the units digit of 16217147?
7
What is the thousands digit of 9881114?
1
What is the tens digit of 12222833?
3
What is the tens digit of 56905570?
7
What is the hundreds digit of 515729756?
7
What is the ten thousands digit of 237130810?
3
What is the units digit of 2557287299?
9
What is the hundreds digit of 2251628799?
7
What is the thousands digit of 1995368464?
8
What is the hundreds digit of 86067392?
3
What is the billions digit of 1941341999?
1
What is the tens digit of 7148634?
3
What is the hundreds digit of 33205909?
9
What is the hundred thousands digit of 434668225?
6
What is the hundred thousands digit of 1858363773?
3
What is the thousands digit of 136828271?
8
What is the hundred thousands digit of 349193637?
1
What is the units digit of 49634017?
7
What is the tens digit of 108483725?
2
What is the hundred thousands digit of 310098131?
0
What is the billions digit of 1206066218?
1
What is the ten thousands digit of 189880?
8
What is the ten thousands digit of 5889666008?
6
What is the hundred millions digit of 670874480?
6
What is the hundreds digit of 42192158?
1
What is the millions digit of 38264133?
8
What is the thousands digit of 3875078571?
8
What is the tens digit of 2468607762?
6
What is the ten thousands digit of 19983704?
8
What is the ten millions digit of 4081387282?
8
What is the hundred thousands digit of 46617745?
6
What is the ten thousands digit of 42106452?
0
What is the ten thousands digit of 11183317?
8
What is the hundred millions digit of 617965127?
6
What is the billions digit of 1260595820?
1
What is the tens digit of 1624555290?
9
What is the units digit of 68698673?
3
What is the hundreds digit of 18365081?
0
What is the thousands digit of 2042506728?
6
What is the tens digit of 62298151?
5
What is the hundred millions digit of 855786091?
8
What is the units digit of 245565976?
6
What is the ten thousands digit of 6224324341?
2
What is the ten millions digit of 1701063946?
0
What is the ten thousands digit of 751581445?
8
What is the tens digit of 164770164?
6
What is the ten thousands digit of 80346207?
4
What is the ten millions digit of 1977568784?
7
What is the thousands digit of 2326521259?
1
What is the millions digit of 92876213?
2
What is the tens digit of 572658960?
6
What is the ten thousands digit of 7791146?
9
What is the hundred thousands digit of 596010524?
0
What is the hundreds digit of 104676760?
7
What is the hundreds digit of 1043820094?
0
What is the units digit of 16620816?
6
What is the thousands digit of 73923532?
3
What is the hundred thousands digit of 1040975890?
9
What is the ten millions digit of 30466476?
3
What is the thousands digit of 3302652?
2
What is the millions digit of 60166799?
0
Wh